 by 120.
118
Calculate the remainder when 4118840 is divided by 59.
50
What is the remainder when 40820569 is divided by 5876?
5873
What is the remainder when 1136987 is divided by 229?
2
What is the remainder when 22946324 is divided by 1685?
1679
What is the remainder when 266485 is divided by 15668?
129
What is the remainder when 135296304 is divided by 581?
577
What is the remainder when 309520 is divided by 102746?
1282
Calculate the remainder when 437352 is divided by 43.
42
Calculate the remainder when 72513 is divided by 3.
0
What is the remainder when 218859 is divided by 27243?
915
What is the remainder when 4958191 is divided by 18?
1
What is the remainder when 202584581 is divided by 4?
1
Calculate the remainder when 2780163 is divided by 322.
15
What is the remainder when 150121 is divided by 736?
713
What is the remainder when 2625239 is divided by 640?
599
What is the remainder when 1830728 is divided by 610241?
5
What is the remainder when 600699 is divided by 119967?
864
Calculate the remainder when 430475009 is divided by 143491662.
23
Calculate the remainder when 151761 is divided by 25.
11
Calculate the remainder when 69782214 is divided by 7449.
7431
Calculate the remainder when 11126 is divided by 3260.
1346
Calculate the remainder when 27131338 is divided by 127978.
2
Calculate the remainder when 2772147 is divided by 304.
275
What is the remainder when 153337388 is divided by 104?
100
What is the remainder when 6022264 is divided by 2007406?
46
Calculate the remainder when 58674197 is divided by 19558060.
17
What is the remainder when 10521957 is divided by 194851?
3
Calculate the remainder when 279393713 is divided by 279393710.
3
What is the remainder when 314691 is divided by 661?
55
Calculate the remainder when 412364 is divided by 103090.
4
Calculate the remainder when 7604484 is divided by 707.
699
What is the remainder when 222099 is divided by 2338?
2327
Calculate the remainder when 31103074 is divided by 107.
100
What is the remainder when 398483 is divided by 99610?
43
Calculate the remainder when 15892728 is divided by 33.
27
Calculate the remainder when 423482 is divided by 42.
38
Calculate the remainder when 11196293 is divided by 1399512.
197
Calculate the remainder when 1731643 is divided by 3740.
23
What is the remainder when 804473 is divided by 57460?
33
Calculate the remainder when 4294858 is divided by 887.
4
What is the remainder when 66133 is divided by 116?
13
Calculate the remainder when 9539369 is divided by 383.
371
What is the remainder when 332218 is divided by 227?
117
What is the remainder when 503043 is divided by 219?
0
Calculate the remainder when 495036 is divided by 60227.
13220
What is the remainder when 457855084 is divided by 7894053?
10
Calculate the remainder when 661315 is divided by 1745.
1705
What is the remainder when 28430763 is divided by 357?
354
What is the remainder when 11633582 is divided by 2908394?
6
What is the remainder when 98217597 is divided by 384?
381
Calculate the remainder when 21934779 is divided by 7311583.
30
What is the remainder when 16055 is divided by 6829?
2397
Calculate the remainder when 99487210 is divided by 3791.
3788
Calculate the remainder when 413307110 is divided by 11982.
2
What is the remainder when 11938588 is divided by 162?
160
Calculate the remainder when 55490 is divided by 479.
405
Calculate the remainder when 114097 is divided by 11386.
237
Calculate the remainder when 1646179 is divided by 226.
221
What is the remainder when 15948720 is divided by 591?
585
What is the remainder when 22644269 is divided by 2670?
2669
Calculate the remainder when 2710490 is divided by 193.
191
What is the remainder when 6057511 is divided by 85?
71
Calculate the remainder when 402340 is divided by 402329.
11
Calculate the remainder when 26991633 is divided by 4.
1
What is the remainder when 17031889 is divided by 149?
146
Calculate the remainder when 821222 is divided by 13686.
62
Calculate the remainder when 2461421 is divided by 1093.
1078
What is the remainder when 26539964 is divided by 1302?
1298
Calculate the remainder when 379253 is divided by 7.
0
Calculate the remainder when 37959 is divided by 36925.
1034
What is the remainder when 107052358 is divided by 15?
13
What is the remainder when 66413617 is divided by 29822?
23
Calculate the remainder when 6485812 is divided by 3242901.
10
Calculate the remainder when 357494 is divided by 5033.
151
Calculate the remainder when 2082536 is divided by 160195.
1
What is the remainder when 3978062 is divided by 6206?
16
Calculate the remainder when 15932 is divided by 2078.
1386
Calculate the remainder when 344621 is divided by 68772.
761
Calculate the remainder when 91338691 is divided by 123.
121
Calculate the remainder when 2097451 is divided by 3877.
3871
Calculate the remainder when 49060052 is divided by 97.
71
What is the remainder when 25876401 is divided by 17114?
33
Calculate the remainder when 142530 is divided by 71232.
66
What is the remainder when 242853 is divided by 844?
625
What is the remainder when 30965 is divided by 14615?
1735
What is the remainder when 423784 is divided by 654?
646
What is the remainder when 8824180 is divided by 906?
646
What is the remainder when 26326609 is divided by 243?
232
What is the remainder when 2648491 is divided by 98085?
196
What is the remainder when 119531 is divided by 7678?
4361
Calculate the remainder when 554643 is divided by 79232.
19
Calculate the remainder when 266228613 is divided by 65.
53
Calculate the remainder when 322157 is divided by 1250.
907
Calculate the remainder when 9601009 is divided by 15975.
34
What is the remainder when 10508482 is divided by 5254146?
190
What is the remainder when 1645459 is divided by 468?
439
What is the remainder when 74771081 is divided by 1921?
1919
Calculate the remainder when 362807 is divided by 51807.
158
What is the remainder when 103901 is divided by 3836?
329
What is the remainder when 1174089 is divided by 89?
1
Calculate the remainder when 169358 is divided by 84636.
86
Calculate the remainder when 187955 is divided by 575.
505
Calculate the remainder when 981410 is divided by 8841.
59
Calculate the remainder when 343869 is divided by 105.
99
Calculate the remainder when 94951493 is divided by 31650492.
17
Calculate the remainder when 487903 is divided by 674.
601
Calculate the remainder when 296706 is divided by 813.
774
Calculate the remainder when 8112993 is divided by 25.
18
Calculate the remainder when 162020170 is divided by 36360.
10
What is the remainder when 54104 is divided by 53557?
547
What is the remainder when 4048234 is divided by 19942?
8
Calculate the remainder when 9670176 is divided by 57.
12
What is the remainder when 9653 is divided by 346?
311
What is the remainder when 804227 is divided by 790?
7
What is the remainder when 614520 is divided by 14291?
7
Calculate the remainder when 100194 is divided by 20012.
134
Calculate the remainder when 219363296 is divided by 5850.
5846
Calculate the remainder when 364804 is divided by 414.
70
What is the remainder when 18827313 is divided by 65?
63
What is the remainder when 372888 is divided by 450?
288
Calculate the remainder when 13317620 is divided by 72.
68
Calculate the remainder when 1367714 is divided by 10.
4
Calculate the remainder when 42357823 is divided by 1975.
1973
Calculate the remainder when 43173 is divided by 10781.
49
What is the remainder when 2658 is divided by 1240?
178
Calculate the remainder when 8487356 is divided by 12.
8
What is the remainder when 981108 is divided by 40879?
12
Calculate the remainder when 6433326 is divided by 714814.
0
What is the remainder when 205811 is divided by 1804?
155
What is the remainder when 634543 is divided by 311229?
12085
Calculate the remainder when 28574989 is divided by 10.
9
Calculate the remainder when 128786 is divided by 64352.
82
Calculate the remainder when 796495 is divided by 2950.
2945
What is the remainder when 17944109 is divided by 15?
14
What is the remainder when 91393 is divided by 1025?
168
Calculate the remainder when 11224637 is divided by 15854.
5
Calculate the remainder when 2658512 is divided by 159.
32
What is the remainder when 2528773 is d